-2*d. Suppose d*u - s + 231 = 1717, 4*s + 3715 = 5*u. Is u a composite number?
False
Suppose -11 = -2*x - 2*p + 1, 0 = x - 4*p + 19. Is 2/6*(-1 + x - -19407) a composite number?
False
Let o = -4971 - -27844. Is o composite?
True
Is 26/299 - (-975704)/23 a prime number?
False
Let a = 39746 + -26385. Is a a prime number?
False
Let a(b) = b**3 + 27*b**2 - 2*b - 5. Let z be a(-19). Suppose -z = -4*d + 155. Is d composite?
False
Suppose 105*s = 129*s - 297096. Is s a prime number?
True
Suppose -m + 1104 = 3*q, 8*m + q - 2228 = 6*m. Suppose 3*p = -9*p - m. Let x = p + 132. Is x a composite number?
True
Is (-793844)/8*(4 - (16 - 10))*1 composite?
False
Let v = 82756 + -55517. Is v a prime number?
True
Suppose -6*i = -12*i - 9522. Let m = i - -3476. Is m a composite number?
False
Suppose -5*a + 344 = 4*i, 4*i + 0*a = 4*a + 380. Is 6609*(-2 + i/21) composite?
True
Suppose h + 276 = 5*p, -36 = -p - 0*p + 5*h. Let a = 81 - p. Suppose a*m - 28*m = -615. Is m a prime number?
False
Let m = -291864 + 662237. Is m a prime number?
True
Suppose 0 = o - 2*d + 6*d - 1, 0 = -3*o + 2*d + 45. Suppose -o*h + 534 = -7*h. Is h a composite number?
False
Suppose 0 = 2*z - 5*z + 29433. Let c = z + -5822. Is c prime?
True
Suppose -2*f + 913860 = 4*a, -60*a - 3*f + 456914 = -58*a. Is a a prime number?
True
Suppose 2*d = 5*u - 73, 0 = -0*u - u - 4*d - 3. Suppose -u*c = -10*c - 6297. Is c composite?
False
Let g(f) = -128*f - 91. Let x be (4/(-3))/(2*1/36). Is g(x) composite?
True
Let g(d) be the second derivative of -259*d**6/10 + d**5/30 + d**4/24 + 18*d**2 + 11*d. Let z(f) be the first derivative of g(f). Is z(-1) a composite number?
False
Let u = 53 + -6. Let a = u - -246. Is a a prime number?
True
Suppose 4*n - 3*k = -2*k + 12, -20 = -2*n - 3*k. Is (0 + 5546)*(n - 7/2) composite?
True
Suppose -2*q - 3*s - 36 = -s, -2*q = -s + 36. Let n = 20 + q. Suppose 3*c = -3*m + 8*c + 201, n*c = -2*m + 134. Is m prime?
True
Let l = -35 - -35. Suppose 819 = x - v + 2*v, l = 5*v. Suppose 2*o = 607 + x. Is o prime?
False
Let u(f) = -9*f + 7. Let h(i) = i - 1. Let q(g) = -51*h(g) - 6*u(g). Let r be q(-2). Is 8/12 + 0 + 487/r composite?
False
Let r be 20/(20/735*9/6). Let y = 5381 - r. Is y a composite number?
True
Let n = 624621 - 417628. Is n a composite number?
False
Suppose 4*o + 95565 - 310757 = 12*u, 4*u = -3*o + 161459. Is o composite?
False
Let k be (6 - 4)/2*-71. Let c = -66 - k. Suppose c*n - 745 = 310. Is n a composite number?
False
Let y be (-4 - (-15)/3) + 1960. Suppose -5*o + 4341 = 2*g, 4*g - y = -4*o + 1507. Is o composite?
True
Let p = 412 - 355. Suppose 55017 = -p*g + 66*g. Is g a prime number?
True
Let o = 6 - 4. Suppose -4*f - 664 + 8504 = 0. Suppose h + 2921 - 964 = o*d, 2*h + f = 2*d. Is d prime?
True
Let x = -102 - -45. Let n be -24*x/(-1)*-4. Suppose -1348 = -a + 3*b + 2*b, 4*b = 4*a - n. Is a composite?
False
Suppose 18440 = -16*d + 21*d. Let f = 3331 + d. Is f a prime number?
True
Suppose 0 = -3*i - 2*u + 16, u - 4*u - 27 = -4*i. Suppose -i*w = 10*w - 449280. Is w/21 - (3 - 6)/(-21) composite?
True
Suppose 3*s - 1129724 = w, -1890094 = -5*s - 3*w - 7244. Is s a prime number?
True
Let j be (2/(-6))/(52/468). Is (-4)/(8/(-1598)) - (j + 3) a composite number?
True
Let m(s) = s**2 + 3*s - 16. Let k be m(-8). Let x = 5 - 37. Is (-4)/x + 885/k a composite number?
False
Suppose 3469833 + 1486995 = 12*u. Is u prime?
True
Let l(k) = -7879*k - 235. Let y be l(-20). Suppose -5*j + 5*d = -4*j - 31469, 5*j - 4*d - y = 0. Is j a composite number?
False
Suppose 3*x + 4*v - 63321 = 490662, -3*x + 2*v + 554019 = 0. Is x a prime number?
True
Suppose 4419 = -3*p - 3*s, -11*s + 12 = -14*s. Let h = 8532 + p. Is h a prime number?
False
Is ((-1679)/(-69) - 25)/(2/(-17382)) a composite number?
True
Suppose 0 = 5*k - 2*b - 25, -7*k + 15 = -4*k - b. Suppose -5*h - 27123 = -3*c, c - 4*h = -k*h + 9041. Is c prime?
True
Suppose 0 = -4*z + 2*c + 26508, 3*z - 26488 = -z - 3*c. Let d = z + -4620. Is d composite?
True
Suppose 56*g = 139*g - 10519669. Is g prime?
True
Let v(o) = o**2 - 11*o - 22. Let c be v(13). Suppose 4 = -c*m, 6763 = -0*i + 2*i - 3*m. Suppose 0 = -4*q + 4*d + i, 628 = 3*q + 5*d - 1875. Is q prime?
False
Let q = -4078 + 93639. Is q a composite number?
False
Is 5 + -3 + (327840 - ((-8)/(-4) + -1)) a composite number?
True
Suppose -87 = -8*u + 17. Is (2/(-4))/(u/(-60034)) a composite number?
False
Suppose 14609565 - 2930640 + 20029122 = 147*v. Is v composite?
True
Suppose -2121 = -4*k + p, -4*k + 0*p - p = -2111. Suppose 0 = 3*x - 5*f - 10, -4*f = 4*x + 3 + 5. Suppose -3*m = d - k, x*d + m + 1086 = 2*d. Is d prime?
True
Let u(n) = n**2 - 5*n. Let a be u(5). Suppose 4*g - 6*g + 10 = a. Suppose 3*v - 3*t - 56 - 112 = 0, -g*t = v - 74. Is v prime?
True
Let c = -133 - -260. Let w = c + 3466. Is w a prime number?
True
Let j be (-4)/(-5)*(4 - -741). Suppose -3*i - 35 = -47. Suppose 0 = -8*o + i*o + j. Is o prime?
True
Let l(s) = 289 - 106 + 200*s + 64*s + 196*s. Is l(14) composite?
True
Let i be -3 + (-436)/(-6) + 2/(-3). Let t = i + -59. Is 1484/t - 18/(-30) a prime number?
True
Let s = -40499 - -120870. Is s a prime number?
False
Suppose 1719820 = -44*r + 64*r. Is r prime?
True
Suppose 2*u - 16 = -34. Let z be 4/((-12)/u + 0). Suppose n - 2*n - 211 = -3*v, 209 = z*v - 2*n. Is v composite?
False
Let w = -2711 - -37552. Is w a composite number?
False
Is 141741/13 - (-122)/(-793) composite?
False
Let a(i) = i**2 + 8*i + 13. Let n be a(-4). Let d be (-20)/30 - (9554/n - -2). Let z = d + -1777. Is z a composite number?
True
Let l = 264 - 258. Is (-2)/3*(-711)/l a prime number?
True
Let m(q) = 2*q**3 - 27*q**2 + 10*q + 40. Let n be m(13). Is (-573153)/(-84) + n/(-4) a prime number?
True
Suppose 0 = -i + t - 940, 4*t + 5 = -3. Let q(s) = -266*s - 1. Let r be q(5). Let w = i - r. Is w prime?
True
Suppose -2*b = y + 4668, -2*y - 4533 - 7136 = 5*b. Let u = -1440 - b. Is u a prime number?
False
Is 4/6 - 1301230/(-210) a composite number?
False
Suppose -2*b + 0*g - 9836 = g, -3*g + 9844 = -2*b. Let w = b + 9010. Is w a composite number?
False
Let k = -15797 - -39580. Is k a prime number?
False
Suppose -3*i + 1243568 = 3*w - 341584, -6*i - 3*w = -3170313. Is i a composite number?
True
Let b(z) = -z**3 + 4*z**2 - 3*z + 1. Let m be b(3). Let t be (-3)/m - (-1 - -4)/(-1). Suppose t = -p + 5*k + 307, 1438 = 4*p - 5*k + 180. Is p a prime number?
True
Suppose -o = 3*g - 172195 + 29868, 0 = 3*o + 6. Suppose 9042 = -11*b + g. Is b a composite number?
False
Let g be 15/6*(-12)/(-5). Is 1/g + (-979)/(-66) prime?
False
Let j = -510 - -509. Is (4 - j) + (6840 - -20) prime?
False
Let f = 2645 + -1721. Suppose -f = 154*w - 151*w. Let i = w + 801. Is i prime?
False
Let f be (-129)/4 - (-1 + (-3)/(-4)). Let n be (2/(-3) - f/(-6))*1. Is (1 - (2 - 3))*(-267)/n composite?
False
Let n(u) = 15*u + 384. Let z be n(-24). Suppose -22*s + z*s = 15598. Is s a composite number?
True
Let t(q) = 244*q + 8 + 147 + 165*q - 107*q. Is t(12) a prime number?
True
Let x(c) = -c**3 + 29*c**2 - 9*c + 34. Let u be x(22). Suppose 4*q - 1568 = u. Is q composite?
True
Suppose 0 = 3*p + n - 29, 7*p - 2*p - 67 = 3*n. Let t(d) = 18*d**2 - 10*d + 43. Is t(p) prime?
True
Suppose 4*u - 5*u = 2499. Let j = u + 3959. Suppose 3600 - j = 4*s. Is s a composite number?
True
Let l(o) = -28*o + 27. Let t(s) = -141*s + 134. Let v(u) = -11*l(u) + 2*t(u). Is v(6) prime?
True
Suppose 6*z - 729 = 261. Suppose -6 = -2*h, -z - 143 = -k - 2*h. Suppose c - 285 = m + 11, m - k = -c. Is c composite?
True
Suppose 0 = -0*n - 15*n + 195645. Is n prime?
True
Let d be -2 + ((-12)/(-18))/((-10)/(-598875)). Let m = -21925 + d. Is m a prime number?
False
Let u(m) = 16*m**2 + 34*m + 1469. Is u(-54) a prime number?
False
Suppose -3*l + l = -4. Let a be l/(-5) - ((-48559)/5)/7. Suppose 0 = 4*k - a - 873. Is k composite?
True
Suppose -43*c + 23294814 + 14824700 = 15*c. Is c prime?
True
Suppose -12*l = -8*l + 4, -c + l = -5. Is 5 + (c + -7 - -13899) a composite number?
False
Let l be (0 + 0 - 4) + 174 + 5. Suppose -26013 = -4*d + l. Is d a composite number?
False
Let c be (-3)/1*46/(-69). Let j(b) = 6*b**2 + 0*b + 18*b**2 + b**c + 3 - 3*b. Is j(4) a prime number?
False
Suppose 26*c - 49119038 + 5755536 = 0. Is c composite?
True
Suppose 5*q - 50 = 5*m, -2*q + 0*m = 2*m. L